68 + 44. Let g = 11 + 18. What is the remainder when b is divided by g?
25
Let k(b) = 47*b**3 - b**2 - 11*b + 11. What is the remainder when 504 is divided by k(1)?
44
Let d = 13 + 100. What is the remainder when d is divided by 60?
53
Let w = -3 - -11. Let h = w + 6. Suppose 5*d - 5 = x + 2*d, -4*x - d = -19. Calculate the remainder when h is divided by x.
2
Let t = 43 + -2. Suppose 0*z - 2*z + 29 = k, 4*k + 64 = 4*z. What is the remainder when t is divided by z?
11
Suppose -2*l + 8 - 4 = 0, -3*t = -3*l - 1002. What is the remainder when t is divided by 82?
8
Let y(s) = 5*s - 48. What is the remainder when 250 is divided by y(18)?
40
Suppose 6*l - 5*l - 231 = 4*u, -5*u - 471 = -2*l. Calculate the remainder when l is divided by 116.
11
Let w = 8 - -13. Suppose 2*n - w = 41. What is the remainder when 89 is divided by n?
27
Suppose s + 3*r - 13 = 0, 2*s + 2*r - 14 = -0*s. Suppose 4*o + 42 + 21 = 3*v, -84 = -s*v + 2*o. Calculate the remainder when 61 is divided by v.
19
Suppose 0 = 5*r + 5*i - 840, -3*r + 625 = 2*i + 116. What is the remainder when r is divided by 58?
57
Let b = 16 + -8. What is the remainder when (-1*(0 + -11))/(3/6) is divided by b?
6
Suppose 3*m + 15 = 0, 5*w - 97 + 17 = m. Let u(r) = -4*r + 16. Let g be u(-7). Suppose -g = -2*q + q. Calculate the remainder when q is divided by w.
14
What is the remainder when (37/(-4))/((-2)/8) is divided by 144/14 - (-6)/84*-4?
7
Let z(f) = f**2 - 6*f - 1. Let v be z(5). Let d be (v/(-9))/(8/12). Calculate the remainder when 104 is divided by (12 + -33)*-1*d.
20
Suppose 5*y = d + 348, -3*y - 34 = d - 246. Calculate the remainder when y is divided by 36.
34
Let a = 3613 + -3598. Let u(t) = -t**3 - 6*t**2 - 7*t - 7. Calculate the remainder when a is divided by u(-5).
0
What is the remainder when (11 - 7)*(-206)/(-8) is divided by 27?
22
Let z be (112/40)/((-2)/(-30)). Suppose 3*d + 2*h + 6 - z = 0, 18 = 3*d - 4*h. Suppose d*t = 5*t + 20. Calculate the remainder when 5 is divided by t.
1
Suppose 5*v + 30 = 3*v. Let f be (-25)/10*6/v. Let h(n) = 13*n - 1. Calculate the remainder when h(f) is divided by 7.
5
Suppose m - 2 = -7, 5*s - 5*m - 25 = 0. Let v(g) = -g**2 - 3*g + 6. Suppose t - 5 = 6. What is the remainder when t is divided by v(s)?
5
Suppose 7*u - 13 = 8. Let q(x) = 16*x - 4. What is the remainder when q(u) is divided by 9?
8
Let m be (-10)/(-35) + (-2)/7. Suppose 12 = g - m. What is the remainder when 33 is divided by g?
9
Suppose -5*f - 25 = 0, -p - 3*f - 16 = 2*f. Suppose -23 = p*o - 10*o. What is the remainder when 66 is divided by o?
20
Let t(p) = p**2 + 4*p - 51. Let n be t(-9). Let x(v) = v**3 + 2*v - 2. What is the remainder when n*-1*(-5 - -8) is divided by x(2)?
8
Let f = 633 - 357. Calculate the remainder when f is divided by 18.
6
Suppose 20 = -2*h + 4*h. Suppose -3*c + 66 = 3*c. Suppose 15*r = c*r + 148. What is the remainder when r is divided by h?
7
Suppose -q = -0*q - 5*i + 22, -32 = 2*q - 4*i. Calculate the remainder when 21 is divided by 8/q*-1 - 22/(-3).
5
Suppose -h - 13 = 4*m, -h = h + 4*m + 10. Suppose h*p + 5 = 2*s, 3*p = 6*p + s - 7. What is the remainder when -1*-41*(p + 2) is divided by 31?
30
Suppose 98 = 7*z + 14. What is the remainder when 24/16*208/z is divided by 9?
8
Let t = 52 - 52. Suppose -30 = -f - t*f. What is the remainder when 89 is divided by f?
29
Suppose -4*x - 28 = y, -5*x + 2*x = -4*y + 40. Let m = x + 7. What is the remainder when 7 is divided by (-2 - m)/((-4)/16)?
3
Suppose 711*t - 721*t + 520 = 0. Calculate the remainder when 147 is divided by t.
43
Let a be -5 + 321/45 - (-6)/(-45). Suppose a*h + 4 = 90. What is the remainder when h is divided by 15?
13
Suppose -2*x = m - 0*x - 11, -3*x = 6. What is the remainder when 23 is divided by m?
8
Let q(s) = 4*s**2 + 3*s - 4. Suppose 7*o - 72 = 2*o + 2*p, -100 = -5*o - 5*p. Let n = o - 19. Calculate the remainder when q(n) is divided by 6.
5
What is the remainder when 283 + (-5)/2*216/(-135) is divided by 8?
7
Let t be (-1 - 0)*(0/(-5))/3. Suppose -c - 6 + 24 = t. Suppose 0*k - 175 = -5*k. What is the remainder when k is divided by c?
17
Suppose -45 = -4*o - 3*d, 40 = 5*o - 3*o - 2*d. What is the remainder when (-3)/(-1)*-6*-3 is divided by o?
9
Let z(k) = -2*k + 23. Let q = 3 - -13. Let j be z(q). Calculate the remainder when 13 is divided by (10/(-3))/(6/j).
3
Let r = 33 + -29. Suppose -c = -5 - r. What is the remainder when 17 is divided by c?
8
Let v(a) = 12*a - 68. Calculate the remainder when 220 is divided by v(7).
12
Suppose 5*z = -l + 1722 + 1006, 2192 = 4*z - 4*l. Calculate the remainder when z is divided by 69.
63
Suppose -48*m + 3*m = -1215. Calculate the remainder when 43 is divided by m.
16
Suppose -6 = -10*l + 7*l. Suppose 0 = -4*u + 30 + l. Calculate the remainder when (2/4)/((-1)/(-26)) is divided by u.
5
Let j be (-7)/(-1)*((-240)/(-35))/2. Suppose -j*p = -29*p + 75. What is the remainder when 87 is divided by p?
12
Suppose -u = c - 150, 0*u + 2*u - 753 = -5*c. Suppose -x - 5*q + 27 = 0, -3*x = -0*x - 5*q - 41. What is the remainder when c is divided by x?
15
Suppose -66*p + 90 = -57*p. What is the remainder when 33 is divided by p?
3
Let n = -21 - -22. What is the remainder when 13 is divided by 1/(n - 3/(-12) - 1)?
1
Let c(o) = o + 2. Let g be c(-2). Suppose g = -5*f + 17 - 2. Suppose -145 = f*j - 8*j. What is the remainder when j is divided by 15?
14
Let f be -4 + 7 - (-1 + -26). Suppose 0 = -c - 3*t + f, 4*c - 5*t = 154 + 34. Calculate the remainder when 82 is divided by c.
40
Suppose -2*f = 4*t - 2, -3*t + 2 = -3*f + 14. Suppose -f*j - y = -319, j - y + 2*y = 109. Calculate the remainder when j is divided by 36.
33
Let g = -10 + 40. Suppose -s = -4*h - 1, -g = -3*s + 6*h - 3*h. What is the remainder when 23 is divided by s?
10
Suppose -y + 1 = 5*x - 10, -5*x + 4*y = -6. Suppose -x*v - 39 = -3*b, 8 = -b + 3*v + 28. What is the remainder when 20 is divided by b?
9
Let j(v) = -v**2 - 33*v - 249. What is the remainder when j(-12) is divided by (-2)/(2 + (-2 - 1))?
1
Let x(y) = y + 53. Calculate the remainder when x(6) is divided by ((-93)/(-4))/((-6)/(-8)).
28
Suppose 4*g = -294 + 738. Calculate the remainder when g is divided by 28.
27
Let x(w) = w**2 - 3*w - 3. Let u be x(4). Suppose 3*k - 60 = -17*k. Calculate the remainder when k is divided by (u - 0 - -1)/2.
0
What is the remainder when 359 is divided by (-18)/(-10)*-5*(-15)/9?
14
Calculate the remainder when 244 is divided by 1/(-6 - 2695/(-448)).
52
Let a = -51 + 25. Let d = 29 + a. Calculate the remainder when 5 is divided by d.
2
Calculate the remainder when 27 is divided by 1/((-5)/(760/(-8))).
8
Suppose 0 = 3*w - 404 - 325. What is the remainder when w is divided by 49?
47
Let c(f) = 6*f**3 + 6*f**2 + 4*f. Calculate the remainder when c(3) is divided by 21.
18
Let g be (-6 - -1)*(-2)/(-5). Let j = -1 - g. Let b(t) = t. Calculate the remainder when b(j) is divided by 1.
0
What is the remainder when 619 is divided by (-18)/(-4)*-8*7/(-21)?
7
Let g be -8 + (0 - 0/3). Let i = -531 - -377. What is the remainder when 35 is divided by i/g - (-5)/(-20)?
16
Let y(z) = -5 + 6 - 2 + 6 + z. Let l be y(0). Suppose -52 - 33 = -l*h - 3*i, -4*h = -4*i - 100. Calculate the remainder when 58 is divided by h.
18
Let g(y) = y - 15. Let k be g(8). Let x(a) be the first derivative of -3*a**2/2 + 3*a + 6. Calculate the remainder when 69 is divided by x(k).
21
Let h = -38 + 42. Suppose -4*q = -5*u + 143, 0*q = 2*q + h. Calculate the remainder when 51 is divided by u.
24
Suppose -3 + 73 = 5*i. Suppose 6*v = 13*v - i. What is the remainder when 3 is divided by v?
1
Suppose 0*f - 624 = -24*f. Calculate the remainder when 71 is divided by f.
19
Let a(o) = o**2 + 3*o + 1. Let p be a(-5). Suppose 5 = 3*s + 4*l, -5*s + 2*l - 6*l + p = 0. Suppose s*c - c = 14. What is the remainder when 13 is divided by c?
6
Suppose -6*n + 13*n - 21 = 0. Suppose -6*w = -n*t - 2*w + 89, 15 = t - 5*w. Calculate the remainder when t is divided by 9.
8
Let p = -458 - -481. What is the remainder when 505 is divided by p?
22
Suppose -22 = -3*z - 4*u, 0 = -3*u + 7*u - 16. Suppose -m + 231 = z*m. What is the remainder when m is divided by 10?
7
What is the remainder when 9/(-6)*2*-4 is divided by ((-168)/(-224))/(3/28)?
5
Let m(j) = j**3 - 4*j**2 + j. Let g be m(4). 